git of 6435?
6
What is the thousands digit of 9666?
9
What is the hundreds digit of 3336?
3
What is the tens digit of 61359?
5
What is the units digit of 700?
0
What is the thousands digit of 134286?
4
What is the hundreds digit of 51839?
8
What is the units digit of 17877?
7
What is the units digit of 157334?
4
What is the units digit of 31076?
6
What is the thousands digit of 26929?
6
What is the thousands digit of 88051?
8
What is the hundreds digit of 868?
8
What is the ten thousands digit of 107430?
0
What is the hundreds digit of 1297?
2
What is the hundreds digit of 205?
2
What is the units digit of 2090?
0
What is the units digit of 3347?
7
What is the hundreds digit of 249?
2
What is the hundreds digit of 1327?
3
What is the units digit of 5330?
0
What is the hundreds digit of 927?
9
What is the units digit of 502?
2
What is the thousands digit of 75485?
5
What is the tens digit of 1208?
0
What is the units digit of 6310?
0
What is the units digit of 289?
9
What is the tens digit of 12213?
1
What is the tens digit of 5977?
7
What is the hundreds digit of 668?
6
What is the thousands digit of 9058?
9
What is the tens digit of 367?
6
What is the units digit of 8528?
8
What is the hundreds digit of 2480?
4
What is the thousands digit of 16325?
6
What is the units digit of 3195?
5
What is the ten thousands digit of 10899?
1
What is the hundreds digit of 1443?
4
What is the units digit of 549?
9
What is the tens digit of 24826?
2
What is the units digit of 213?
3
What is the tens digit of 56?
5
What is the hundreds digit of 3956?
9
What is the tens digit of 6628?
2
What is the hundreds digit of 3864?
8
What is the tens digit of 1641?
4
What is the hundreds digit of 1030?
0
What is the units digit of 765?
5
What is the units digit of 3980?
0
What is the hundreds digit of 4673?
6
What is the thousands digit of 5734?
5
What is the ten thousands digit of 31099?
3
What is the thousands digit of 139451?
9
What is the tens digit of 6120?
2
What is the hundreds digit of 938?
9
What is the tens digit of 1854?
5
What is the thousands digit of 2852?
2
What is the hundreds digit of 9168?
1
What is the tens digit of 1353?
5
What is the thousands digit of 1685?
1
What is the tens digit of 429?
2
What is the units digit of 36062?
2
What is the tens digit of 24?
2
What is the ten thousands digit of 27288?
2
What is the tens digit of 373?
7
What is the thousands digit of 35519?
5
What is the thousands digit of 2094?
2
What is the units digit of 1443?
3
What is the hundreds digit of 8937?
9
What is the tens digit of 105768?
6
What is the units digit of 90682?
2
What is the hundreds digit of 6173?
1
What is the units digit of 42043?
3
What is the units digit of 562?
2
What is the hundreds digit of 65385?
3
What is the thousands digit of 6259?
6
What is the tens digit of 52?
5
What is the units digit of 1363?
3
What is the hundreds digit of 4826?
8
What is the units digit of 8032?
2
What is the units digit of 7577?
7
What is the tens digit of 40?
4
What is the units digit of 879?
9
What is the hundreds digit of 347?
3
What is the hundreds digit of 655?
6
What is the units digit of 1292?
2
What is the tens digit of 740?
4
What is the units digit of 5344?
4
What is the tens digit of 16407?
0
What is the units digit of 474?
4
What is the hundreds digit of 13286?
2
What is the hundreds digit of 186?
1
What is the thousands digit of 1103?
1
What is the units digit of 524?
4
What is the tens digit of 4091?
9
What is the hundreds digit of 1222?
2
What is the hundreds digit of 24119?
1
What is the thousands digit of 1573?
1
What is the units digit of 7?
7
What is the units digit of 63?
3
What is the units digit of 2647?
7
What is the hundreds digit of 1562?
5
What is the units digit of 52958?
8
What is the units digit of 33666?
6
What is the units digit of 32650?
0
What is the tens digit of 12376?
7
What is the units digit of 1758?
8
What is the units digit of 6121?
1
What is the units digit of 6510?
0
What is the tens digit of 41920?
2
What is the thousands digit of 26419?
6
What is the hundreds digit of 614?
6
What is the thousands digit of 8776?
8
What is the ten thousands digit of 19762?
1
What is the hundreds digit of 2664?
6
What is the hundreds digit of 11674?
6
What is the units digit of 48756?
6
What is the units digit of 96306?
6
What is the tens digit of 1106?
0
What is the hundreds digit of 981?
9
What is the units digit of 526?
6
What is the tens digit of 96771?
7
What is the thousands digit of 7054?
7
What is the hundreds digit of 132?
1
What is the units digit of 86686?
6
What is the tens digit of 2964?
6
What is the hundred thousands digit of 117125?
1
What is the tens digit of 4347?
4
What is the tens digit of 69877?
7
What is the ten thousands digit of 90799?
9
What is the units digit of 74164?
4
What is the hundreds digit of 289?
2
What is the units digit of 878?
8
What is the hundreds digit of 4447?
4
What is the ten thousands digit of 61882?
6
What is the hundreds digit of 522?
5
What is the units digit of 35423?
3
What is the units digit of 128405?
5
What is the tens digit of 597?
9
What is the hundreds digit of 11828?
8
What is the hundreds digit of 637?
6
What is the thousands digit of 10879?
0
What is the tens digit of 25138?
3
What is the units digit of 3583?
3
What is the hundreds digit of 7846?
8
What is the hundreds digit of 758?
7
What is the hundreds digit of 6532?
5
What is the units digit of 91?
1
What is the hundreds digit of 43704?
7
What is the thousands digit of 62577?
2
What is the thousands digit of 1441?
1
What is the thousands digit of 4891?
4
What is the units digit of 4649?
9
What is the hundreds digit of 24872?
8
What is the units digit of 165056?
6
What is the ten thousands digit of 82036?
8
What is the tens digit of 19222?
2
What is the tens digit of 5044?
4
What is the hundreds digit of 67442?
4
What is the units digit of 19191?
1
What is the thousands digit of 1349?
1
What is the hundreds digit of 1100?
1
What is the tens digit of 2732?
3
What is the ten thousands digit of 39420?
3
What is the hundreds digit of 8641?
6
What is the thousands digit of 26083?
6
What is the hundreds digit of 99791?
7
What is the thousands digit of 1183?
1
What is the ten thousands digit of 12160?
1
What is the units digit of 466?
6
What is the thousands digit of 66629?
6
What is the ten thousands digit of 10923?
1
What is the units digit of 19285?
5
What is the units digit of 177?
7
What is the ten thousands digit of 30070?
3
What is the tens digit of 30451?
5
What is the tens digit of 3021?
2
What is the tens digit of 18497?
9
What is the units digit of 275?
5
What is the hundreds digit of 43815?
8
What is the thousands digit of 1534?
1
What is the thousands digit of 4692?
4
What is the hundreds digit of 38513?
5
What is the hundred thousands digit of 128018?
1
What is the thousands digit of 1623?
1
What is the ten thousands digit of 23480?
2
What is the units digit of 15265?
5
What is the tens digit of 6496?
9
What is the units digit of 12251?
1
What is the units digit of 3732?
2
What is the hundreds digit of 3020?
0
What is the hundreds digit of 4459?
4
What is the tens digit of 2216?
1
What is the units digit of 787?
7
What is the units digit of 22816?
6
What is the units digit of 13941?
1
What is the thousands digit of 4108?
4
What is the hundreds digit of 133111?
1
What is the hundreds digit of 3197?
1
What is the units digit of 68867?
7
What is the thousands digit of 32820?
2
What is the thousands digit of 2699?
2
What is the thousands digit of 99695?
9
What is the units digit of 1820?
0
What is the hundreds digit of 20896?
8
What is the ten thousands digit of 19821?
1
What is the thousands digit of 3585?
3
What is the ten thousands digit of 15117?
1
What is the units digit of 367?
7
What is the units digit of 53507?
7
What is the tens digit of 2745?
4
What is the units digit of 45973?
3
What is the hundreds digit of 1322?
3
What is the tens digit of 557?
5
What is the hundred thousands digit of 113939?
1
What is the hundreds digit of 3999?
9
What is the hundreds digit of 2644?
6
What is the tens digit of 89?
8
What is the hundreds digit of 7350?
3
What is the tens digit of 270?
7
What is the hundreds digit of 21993?
9
What is t